51646669?
9
What is the thousands digit of 181030963?
0
What is the ten millions digit of 104267850?
0
What is the hundreds digit of 12572339?
3
What is the tens digit of 209289801?
0
What is the hundreds digit of 970854975?
9
What is the units digit of 2204085275?
5
What is the tens digit of 1267586605?
0
What is the millions digit of 516825392?
6
What is the millions digit of 9132876?
9
What is the units digit of 335917226?
6
What is the thousands digit of 6692917292?
7
What is the hundred millions digit of 852725936?
8
What is the units digit of 686345638?
8
What is the ten thousands digit of 7491404?
9
What is the tens digit of 5325517?
1
What is the hundreds digit of 2234304884?
8
What is the hundred thousands digit of 4186566160?
5
What is the units digit of 455679470?
0
What is the millions digit of 2154232551?
4
What is the ten thousands digit of 119364651?
6
What is the tens digit of 71476884?
8
What is the hundred thousands digit of 2128571758?
5
What is the tens digit of 190462615?
1
What is the ten millions digit of 456260916?
5
What is the hundreds digit of 9771745?
7
What is the ten thousands digit of 541109613?
0
What is the hundred thousands digit of 3338503093?
5
What is the ten thousands digit of 51627394?
2
What is the ten thousands digit of 2450750291?
5
What is the billions digit of 1851145102?
1
What is the hundred thousands digit of 22245940?
2
What is the millions digit of 104019284?
4
What is the hundreds digit of 3819948547?
5
What is the ten millions digit of 14226903?
1
What is the thousands digit of 4436100?
6
What is the millions digit of 5056612?
5
What is the hundred thousands digit of 1234281571?
2
What is the hundred millions digit of 4735046966?
7
What is the units digit of 492420322?
2
What is the units digit of 61830155?
5
What is the ten millions digit of 1168964267?
6
What is the hundreds digit of 656963459?
4
What is the thousands digit of 1654940846?
0
What is the hundreds digit of 133314172?
1
What is the hundreds digit of 993997503?
5
What is the hundreds digit of 3029419394?
3
What is the hundred millions digit of 126746375?
1
What is the thousands digit of 12012732?
2
What is the hundred thousands digit of 678640542?
6
What is the hundred thousands digit of 402394000?
3
What is the hundred thousands digit of 22245392?
2
What is the ten millions digit of 158388402?
5
What is the millions digit of 2188861921?
8
What is the millions digit of 872202651?
2
What is the tens digit of 455750723?
2
What is the ten millions digit of 124638717?
2
What is the hundreds digit of 56711270?
2
What is the millions digit of 866584643?
6
What is the thousands digit of 92875770?
5
What is the ten millions digit of 376621450?
7
What is the tens digit of 3962206?
0
What is the ten millions digit of 75599431?
7
What is the hundred thousands digit of 1266521774?
5
What is the hundreds digit of 61798894?
8
What is the hundred thousands digit of 58495713?
4
What is the thousands digit of 20890671?
0
What is the thousands digit of 1051846693?
6
What is the thousands digit of 430291315?
1
What is the hundred thousands digit of 1699356482?
3
What is the hundred millions digit of 178932565?
1
What is the billions digit of 1051210800?
1
What is the hundred millions digit of 1231196545?
2
What is the ten millions digit of 554718007?
5
What is the thousands digit of 3543071972?
1
What is the tens digit of 121352753?
5
What is the millions digit of 166549296?
6
What is the thousands digit of 264070010?
0
What is the thousands digit of 112712293?
2
What is the hundreds digit of 36338317?
3
What is the hundreds digit of 1919645?
6
What is the units digit of 1428615603?
3
What is the ten thousands digit of 322473866?
7
What is the thousands digit of 1563785009?
5
What is the units digit of 3647398?
8
What is the hundred millions digit of 180877911?
1
What is the ten thousands digit of 3026924996?
2
What is the billions digit of 2464990811?
2
What is the hundreds digit of 436242560?
5
What is the millions digit of 371708738?
1
What is the ten millions digit of 131844905?
3
What is the units digit of 607863797?
7
What is the units digit of 50701807?
7
What is the thousands digit of 2640681?
0
What is the thousands digit of 3932725060?
5
What is the hundred millions digit of 351383061?
3
What is the hundreds digit of 54118321?
3
What is the ten thousands digit of 274979040?
7
What is the tens digit of 102337888?
8
What is the hundred thousands digit of 3294370898?
3
What is the hundreds digit of 100981476?
4
What is the thousands digit of 109732926?
2
What is the ten thousands digit of 12924915?
2
What is the ten millions digit of 55647966?
5
What is the millions digit of 292534170?
2
What is the units digit of 13389655?
5
What is the millions digit of 68014105?
8
What is the ten thousands digit of 24190990?
9
What is the tens digit of 8885752?
5
What is the tens digit of 4187999790?
9
What is the thousands digit of 179525099?
5
What is the hundred thousands digit of 12655022?
6
What is the ten thousands digit of 25651083?
5
What is the tens digit of 108108405?
0
What is the millions digit of 9231279?
9
What is the hundred thousands digit of 2646591229?
5
What is the ten thousands digit of 799501563?
0
What is the millions digit of 372817616?
2
What is the tens digit of 25464816?
1
What is the hundred millions digit of 735907333?
7
What is the thousands digit of 5734441520?
1
What is the hundred thousands digit of 1433140512?
1
What is the hundreds digit of 48496902?
9
What is the hundred millions digit of 8921439827?
9
What is the units digit of 558845261?
1
What is the hundred thousands digit of 8337314?
3
What is the millions digit of 88742184?
8
What is the thousands digit of 952208636?
8
What is the ten millions digit of 66176319?
6
What is the hundreds digit of 262514193?
1
What is the ten millions digit of 77514336?
7
What is the millions digit of 23470415?
3
What is the hundreds digit of 167090022?
0
What is the thousands digit of 141721620?
1
What is the hundred thousands digit of 2189240941?
2
What is the hundreds digit of 1016320675?
6
What is the thousands digit of 60701808?
1
What is the ten thousands digit of 825200364?
0
What is the hundred millions digit of 492138649?
4
What is the hundred thousands digit of 4616183858?
1
What is the hundred thousands digit of 68862455?
8
What is the ten thousands digit of 81586929?
8
What is the ten thousands digit of 3389923234?
2
What is the hundred thousands digit of 396533061?
5
What is the thousands digit of 426491708?
1
What is the ten thousands digit of 1541507384?
0
What is the millions digit of 411578608?
1
What is the units digit of 1230894745?
5
What is the hundred thousands digit of 88385598?
3
What is the millions digit of 26198750?
6
What is the hundred thousands digit of 41349405?
3
What is the ten thousands digit of 140174372?
7
What is the units digit of 90153140?
0
What is the thousands digit of 353264774?
4
What is the hundreds digit of 69696782?
7
What is the hundreds digit of 706669374?
3
What is the hundreds digit of 2959699338?
3
What is the hundred thousands digit of 10400551?
4
What is the tens digit of 7034395?
9
What is the tens digit of 3660164580?
8
What is the hundred millions digit of 511812125?
5
What is the ten millions digit of 158071454?
5
What is the hundreds digit of 8907120?
1
What is the tens digit of 7313007?
0
What is the ten millions digit of 157611358?
5
What is the hundred thousands digit of 583368465?
3
What is the hundred thousands digit of 56557115?
5
What is the ten thousands digit of 19614937?
1
What is the ten thousands digit of 41210646?
1
What is the thousands digit of 6733626528?
6
What is the ten millions digit of 829377392?
2
What is the hundred thousands digit of 931686491?
6
What is the hundreds digit of 6800846095?
0
What is the hundred thousands digit of 17700583?
7
What is the units digit of 625025940?
0
What is the hundreds digit of 153573372?
3
What is the millions digit of 955821069?
5
What is the hundred thousands digit of 160338503?
3
What is the millions digit of 749022878?
9
What is the thousands digit of 21026393?
6
What is the millions digit of 9066853?
9
What is the billions digit of 4410492396?
4
What is the hundr